alse
Is 6844978001 a prime number?
True
Is 30555593063 composite?
False
Is 6617520713 prime?
False
Is 143466941 composite?
False
Is 266536113 composite?
True
Is 39396104897 a composite number?
False
Is 676150327 composite?
True
Is 11786880841 prime?
True
Is 132706283291 composite?
False
Is 2730710897 a composite number?
False
Is 571574642 composite?
True
Is 8238667201 prime?
False
Is 852229001 a prime number?
False
Is 7290418251 a prime number?
False
Is 13393939457 prime?
False
Is 5143628057 a prime number?
True
Is 3255006877 prime?
True
Is 5764539413 prime?
True
Is 358428647 prime?
False
Is 3489613781 composite?
False
Is 16502977223 a prime number?
True
Is 99743208833 composite?
False
Is 217473989 composite?
True
Is 28167619121 a composite number?
False
Is 20078319949 a composite number?
False
Is 3654632039 a composite number?
False
Is 1169378363 prime?
True
Is 4614987851 a composite number?
False
Is 1360635221 a composite number?
True
Is 3167557619 composite?
False
Is 2377397501 a composite number?
False
Is 821209357 a prime number?
True
Is 322113991 a prime number?
False
Is 195548989 composite?
False
Is 3489383323 composite?
True
Is 26782762654 a composite number?
True
Is 24359979055 composite?
True
Is 4007473081 a prime number?
True
Is 7667195423 composite?
False
Is 17201640559 a prime number?
True
Is 2070984833 prime?
True
Is 50404500515 composite?
True
Is 2547354023 composite?
False
Is 112816519 a composite number?
False
Is 2459455333 a prime number?
False
Is 11280480881 composite?
False
Is 310585729 composite?
True
Is 9430573843 a prime number?
False
Is 375749084821 prime?
False
Is 201516670403 a composite number?
False
Is 46590067 prime?
False
Is 536643871 composite?
False
Is 1189505683 composite?
True
Is 15587567227 composite?
True
Is 107701515149 a composite number?
True
Is 10077668719 composite?
False
Is 18569672581 prime?
True
Is 1176589639 composite?
True
Is 19443971843 a composite number?
True
Is 993021559 composite?
False
Is 5088160769 a prime number?
True
Is 1141245257 a prime number?
False
Is 2222139989 a prime number?
False
Is 14148894581 a composite number?
False
Is 72912781 a composite number?
False
Is 55899427057 composite?
True
Is 7419512119 a prime number?
True
Is 652732649 prime?
True
Is 850608749 prime?
True
Is 1303978519 prime?
True
Is 9014051537 composite?
True
Is 108084678907 composite?
False
Is 67233924413 composite?
False
Is 60487771063 composite?
True
Is 2762801303 prime?
True
Is 5955916465 composite?
True
Is 196579767 prime?
False
Is 2878382291 prime?
True
Is 38231705851 a prime number?
True
Is 773940289 a prime number?
True
Is 125860277343 composite?
True
Is 6863085903 composite?
True
Is 112728883 prime?
False
Is 5323608811 prime?
False
Is 4926629843 a prime number?
False
Is 72872085133 composite?
True
Is 9314668559 composite?
True
Is 200919911 a composite number?
False
Is 5400949 a prime number?
True
Is 51286861 prime?
True
Is 242557079 prime?
False
Is 1809031429 a prime number?
True
Is 620304941 a composite number?
False
Is 2303231549 composite?
True
Is 9299667659 prime?
True
Is 141250566047 prime?
True
Is 3785200219 prime?
False
Is 12897833737 a prime number?
False
Is 4089665303 a prime number?
False
Is 4636907983 composite?
False
Is 35524868579 a prime number?
False
Is 4473309877 a prime number?
False
Is 65594925761 a prime number?
False
Is 12950936939 a prime number?
False
Is 8039920037 a composite number?
False
Is 6396384991 a composite number?
False
Is 1316766527 composite?
False
Is 4112888317 prime?
True
Is 52120905853 a composite number?
True
Is 352911670819 a prime number?
True
Is 83132881957 composite?
False
Is 7022330467 a prime number?
False
Is 3022218167 prime?
True
Is 2740955647 composite?
False
Is 13208959 a composite number?
True
Is 2708176623 composite?
True
Is 81942651277 composite?
False
Is 40032746917 a prime number?
True
Is 1180966019 composite?
False
Is 44567452087 a composite number?
True
Is 105950639 a composite number?
True
Is 4076638327 a composite number?
False
Is 11710693847 prime?
True
Is 1097072453 prime?
True
Is 483432881 prime?
True
Is 44212250429 composite?
False
Is 28067743661 a prime number?
True
Is 1759414721 a composite number?
False
Is 1673018003 a prime number?
True
Is 25528323289 a prime number?
False
Is 1337516787 a prime number?
False
Is 575549201 a composite number?
False
Is 1997850937 composite?
False
Is 5138881999 a composite number?
False
Is 746700415 a composite number?
True
Is 122526127 a composite number?
True
Is 6209138153 prime?
True
Is 7483772879 prime?
False
Is 33877656907 a prime number?
False
Is 553496569 composite?
False
Is 28383475931 a composite number?
False
Is 943717319 composite?
True
Is 73958881 prime?
False
Is 4248322909 prime?
True
Is 26719093213 composite?
True
Is 15847702778 prime?
False
Is 5381427959 a prime number?
True
Is 21847547699 prime?
True
Is 12364617943 prime?
True
Is 134325583979 prime?
True
Is 1284906143 a composite number?
True
Is 1650070733 a prime number?
True
Is 14847577 prime?
False
Is 97548803971 prime?
False
Is 67245003383 prime?
False
Is 1234865311 a composite number?
False
Is 32336519 a composite number?
True
Is 463434233 a prime number?
True
Is 10055001157 prime?
False
Is 18598830667 a composite number?
False
Is 1892690911 a prime number?
True
Is 145862770085 a composite number?
True
Is 1980117229 a composite number?
False
Is 1597319359 composite?
False
Is 6854770469 a prime number?
False
Is 6590584423 prime?
True
Is 2596378067 a prime number?
True
Is 1378025063 prime?
False
Is 87367096741 a composite number?
False
Is 57652288609 a composite number?
True
Is 50138036371 a prime number?
False
Is 10181479681 a composite number?
False
Is 40030102793 prime?
False
Is 1812288113 a prime number?
True
Is 88268707729 a prime number?
False
Is 7315641659 prime?
True
Is 19448890907 composite?
False
Is 12676973971 a composite number?
False
Is 1377242497 composite?
False
Is 7302515041 composite?
False
Is 3000064901 a composite number?
False
Is 1151103557 prime?
True
Is 1809998389 prime?
False
Is 14857496701 a composite number?
True
Is 1175136527 a prime number?
False
Is 9411908279 prime?
True
Is 1040563609 a prime number?
False
Is 2532549119 composite?
False
Is 36523935314 composite?
True
Is 918085471 composite?
False
Is 5228354627 composite?
False
Is 180330466 prime?
False
Is 1571615957 composite?
False
Is 15343158667 prime?
True
Is 51844937323 prime?
False
Is 10563368819 a prime number?
True
Is 114043651 a prime number?
False
Is 44842797031 composite?
False
Is 310957967 prime?
False
Is 6259354279 a composite number?
False
Is 28552604111 composite?
True
Is 2317214737 composite?
False
Is 2003606653 composite?
False
Is 28517731981 composite?
True
Is 34969442015 a composite number?
True
Is 67653671 prime?
True
Is 805720813 a composite number?
False
Is 140670521 composite?
True
Is 693524393 a prime number?
True
Is 139789127539 a prime number?
False
Is 20078226471 a composite number?
True
Is 578830349 prime?
True
Is 8660006701 a prime number?
True
Is 21224407217 composite?
True
Is 10806835673 prime?
False
Is 264705841 composite?
True
Is 31372598255 composite?
True
Is 1773580057 a composite number?
True
Is 4122220367 a prime number?
False
Is 7217576635 a composite number?
True
Is 30712496497 composite?
True
Is 2962328329 prime?
True
Is 43496938907 a prime number?
True
Is 492816349 a prime number?
False
Is 2229806429 a prime number?
True
Is 5287645367 composite?
True
Is 925990133 a prime number?
True
Is 234919921 a composite number?
True
Is 2507045495 composite?
True
Is 24802689041 composite?
True
Is 4449991747 a prime number?
True
Is 3527295685 prime?
False
Is 92604469967 composite?
True
Is 18396348643 prime?
True
Is 13867840681 prime?
True
Is 316558663 prime?
False
Is 85773060151 a composite number?
False
Is 9798751 a prime number?
False
Is 1981893227 composite?
True
Is 5224070809 composite?
False
Is 1485707507 a composite number?
False
Is 3706300391 prime?
True
Is 804436093 prime?
True
Is 25530333011 prime?
False
Is 1121070343 composite?
False
Is 33346468117 composite?
True
Is 2423417071 prime?
True
Is 689062961 a composite number?
False
Is 1100697883 a composite number?
False
Is 1319445251 a prime number?
False
Is 61000086469 prime?
Fa